{"id":344,"date":"2016-01-06T11:31:27","date_gmt":"2016-01-06T11:31:27","guid":{"rendered":"http:\/\/consulting.stylemixthemes.com\/demo\/?page_id=344"},"modified":"2024-09-30T21:41:37","modified_gmt":"2024-09-30T19:41:37","slug":"our-approach","status":"publish","type":"page","link":"https:\/\/www.i-t-s.be\/index.php\/company-overview\/our-approach\/","title":{"rendered":"Notre Approche"},"content":{"rendered":"<div class=\"wpb-content-wrapper\"><p>[vc_row css=&#8221;.vc_custom_1451991003825{margin-top: 30px !important;margin-bottom: 100px !important;}&#8221;][vc_column width=&#8221;3\/4&#8243;][vc_column_text css=&#8221;.vc_custom_1727725258731{margin-top: 45px !important;}&#8221;]<\/p>\n<h2>Notre approche<\/h2>\n<p>&#8220;La technologie est le moteur central de l&#8217;industrie optimisant les processus, stimulant l\u2019innovation, accompagnant l\u2019humain dans des projets toujours plus ambitieux\u00a0\u00bb. C\u2019est avec cette conviction que Industrial Technologie Services a \u00e9t\u00e9 cr\u00e9\u00e9.<\/p>\n<p>Fort du constat que les entreprises n\u2019ont pas toujours \u00e0 leur disposition des ressources aux comp\u00e9tences sp\u00e9cifiques, nos collaborateurs auront \u00e0 c\u0153ur d\u2019exploiter toutes leurs comp\u00e9tences pour les accompagner dans l&#8217;ensemble les phases de la vie d\u2019un \u00e9quipement ainsi que pour renforcer leurs \u00e9quipes.[\/vc_column_text][vc_row_inner css=&#8221;.vc_custom_1455886051719{margin-bottom: 10px !important;}&#8221;][vc_column_inner width=&#8221;1\/2&#8243;][stm_icon_box hide_title_line=&#8221;hide_title_line&#8221; icon=&#8221;fas fa-diagnoses&#8221; icon_size=&#8221;15&#8243; title=&#8221;La technologie au c\u0153ur de l&#8217;entreprise&#8221;][\/stm_icon_box][\/vc_column_inner][vc_column_inner width=&#8221;1\/2&#8243;][stm_icon_box hide_title_line=&#8221;hide_title_line&#8221; icon=&#8221;fas fa-tools&#8221; icon_size=&#8221;22&#8243; title=&#8221;Le cycle de vie de votre \u00e9quipement&#8221;][\/stm_icon_box][\/vc_column_inner][\/vc_row_inner][vc_row_inner css=&#8221;.vc_custom_1455886085190{margin-bottom: 10px !important;}&#8221;][vc_column_inner width=&#8221;1\/2&#8243;][stm_icon_box hide_title_line=&#8221;hide_title_line&#8221; icon=&#8221;fas fa-handshake&#8221; icon_size=&#8221;21&#8243; title=&#8221;Construire et grandir ensemble&#8221;][\/stm_icon_box][\/vc_column_inner][vc_column_inner width=&#8221;1\/2&#8243;][stm_icon_box hide_title_line=&#8221;hide_title_line&#8221; icon=&#8221;fas fa-assistive-listening-systems&#8221; icon_size=&#8221;23&#8243; title=&#8221;A l&#8217;\u00e9coute de vos besoins&#8221;][\/stm_icon_box][\/vc_column_inner][\/vc_row_inner][vc_row_inner][vc_column_inner width=&#8221;1\/2&#8243;][stm_icon_box hide_title_line=&#8221;hide_title_line&#8221; icon=&#8221;fas fa-chart-line&#8221; icon_size=&#8221;27&#8243; title=&#8221;Am\u00e9liorer les performances&#8221;][\/stm_icon_box][\/vc_column_inner][vc_column_inner width=&#8221;1\/2&#8243;][stm_icon_box hide_title_line=&#8221;hide_title_line&#8221; icon=&#8221;fas fa-balance-scale&#8221; icon_size=&#8221;19&#8243; title=&#8221;Solutions raisonn\u00e9es&#8221;][\/stm_icon_box][\/vc_column_inner][\/vc_row_inner][vc_column_text css=&#8221;.vc_custom_1726418820717{margin-top: 45px !important;}&#8221;]<\/p>\n<h2>Notre philosophie de travail<\/h2>\n<p>Chez ITS, nous savons que chaque client pr\u00e9sente des besoins et des d\u00e9fis uniques. C&#8217;est pourquoi nous en\u00a0 priorisons l&#8217;analyse approfondie. Nous croyons fermement que cette \u00e9tape de compr\u00e9hension mutuelle est cruciale pour garantir le succ\u00e8s de nos missions.<\/p>\n<p>En travaillant en \u00e9troite collaboration avec vos \u00e9quipes, nous d\u00e9veloppons des solutions sur mesure, parfaitement align\u00e9es avec vos objectifs, quel que soit le domaine du service concern\u00e9 :[\/vc_column_text][vc_single_image image=&#8221;7422&#8243; img_size=&#8221;large&#8221; alignment=&#8221;center&#8221; css=&#8221;&#8221;][\/vc_column][\/vc_row][vc_row full_width=&#8221;stretch_row&#8221; el_class=&#8221;third_bg_color&#8221; css=&#8221;.vc_custom_1451889219674{margin-bottom: -60px !important;}&#8221;][vc_column][\/vc_column][\/vc_row]<\/p>\n<\/div>","protected":false},"excerpt":{"rendered":"<p>[vc_row css=&#8221;.vc_custom_1451991003825{margin-top: 30px !important;margin-bottom: 100px !important;}&#8221;][vc_column width=&#8221;3\/4&#8243;][vc_column_text css=&#8221;.vc_custom_1727725258731{margin-top: 45px !important;}&#8221;] Notre approche &#8220;La technologie est le moteur central de l&#8217;industrie optimisant les processus, stimulant l\u2019innovation, accompagnant l\u2019humain dans des projets toujours plus ambitieux\u00a0\u00bb. C\u2019est avec cette conviction que Industrial Technologie Services a \u00e9t\u00e9 cr\u00e9\u00e9. Fort du constat que les entreprises n\u2019ont pas toujours \u00e0 leur<\/p>\n","protected":false},"author":1,"featured_media":0,"parent":6932,"menu_order":0,"comment_status":"closed","ping_status":"closed","template":"","meta":{"footnotes":""},"class_list":["post-344","page","type-page","status-publish","hentry"],"_links":{"self":[{"href":"https:\/\/www.i-t-s.be\/index.php\/wp-json\/wp\/v2\/pages\/344","targetHints":{"allow":["GET"]}}],"collection":[{"href":"https:\/\/www.i-t-s.be\/index.php\/wp-json\/wp\/v2\/pages"}],"about":[{"href":"https:\/\/www.i-t-s.be\/index.php\/wp-json\/wp\/v2\/types\/page"}],"author":[{"embeddable":true,"href":"https:\/\/www.i-t-s.be\/index.php\/wp-json\/wp\/v2\/users\/1"}],"replies":[{"embeddable":true,"href":"https:\/\/www.i-t-s.be\/index.php\/wp-json\/wp\/v2\/comments?post=344"}],"version-history":[{"count":18,"href":"https:\/\/www.i-t-s.be\/index.php\/wp-json\/wp\/v2\/pages\/344\/revisions"}],"predecessor-version":[{"id":7977,"href":"https:\/\/www.i-t-s.be\/index.php\/wp-json\/wp\/v2\/pages\/344\/revisions\/7977"}],"up":[{"embeddable":true,"href":"https:\/\/www.i-t-s.be\/index.php\/wp-json\/wp\/v2\/pages\/6932"}],"wp:attachment":[{"href":"https:\/\/www.i-t-s.be\/index.php\/wp-json\/wp\/v2\/media?parent=344"}],"curies":[{"name":"wp","href":"https:\/\/api.w.org\/{rel}","templated":true}]}}

<div class="wpb-content-wrapper"><p>[vc_row css=&#8221;.vc_custom_1451991003825{margin-top: 30px !important;margin-bottom: 100px !important;}&#8221;][vc_column width=&#8221;3/4&#8243;][vc_column_text css=&#8221;.vc_custom_1727725258731{margin-top: 45px !important;}&#8221;]</p>
<h2>Notre approche</h2>
<p>&#8220;La technologie est le moteur central de l&#8217;industrie optimisant les processus, stimulant l’innovation, accompagnant l’humain dans des projets toujours plus ambitieux ». C’est avec cette conviction que Industrial Technologie Services a été créé.</p>
<p>Fort du constat que les entreprises n’ont pas toujours à leur disposition des ressources aux compétences spécifiques, nos collaborateurs auront à cœur d’exploiter toutes leurs compétences pour les accompagner dans l&#8217;ensemble les phases de la vie d’un équipement ainsi que pour renforcer leurs équipes.[/vc_column_text][vc_row_inner css=&#8221;.vc_custom_1455886051719{margin-bottom: 10px !important;}&#8221;][vc_column_inner width=&#8221;1/2&#8243;][stm_icon_box hide_title_line=&#8221;hide_title_line&#8221; icon=&#8221;fas fa-diagnoses&#8221; icon_size=&#8221;15&#8243; title=&#8221;La technologie au cœur de l&#8217;entreprise&#8221;][/stm_icon_box][/vc_column_inner][vc_column_inner width=&#8221;1/2&#8243;][stm_icon_box hide_title_line=&#8221;hide_title_line&#8221; icon=&#8221;fas fa-tools&#8221; icon_size=&#8221;22&#8243; title=&#8221;Le cycle de vie de votre équipement&#8221;][/stm_icon_box][/vc_column_inner][/vc_row_inner][vc_row_inner css=&#8221;.vc_custom_1455886085190{margin-bottom: 10px !important;}&#8221;][vc_column_inner width=&#8221;1/2&#8243;][stm_icon_box hide_title_line=&#8221;hide_title_line&#8221; icon=&#8221;fas fa-handshake&#8221; icon_size=&#8221;21&#8243; title=&#8221;Construire et grandir ensemble&#8221;][/stm_icon_box][/vc_column_inner][vc_column_inner width=&#8221;1/2&#8243;][stm_icon_box hide_title_line=&#8221;hide_title_line&#8221; icon=&#8221;fas fa-assistive-listening-systems&#8221; icon_size=&#8221;23&#8243; title=&#8221;A l&#8217;écoute de vos besoins&#8221;][/stm_icon_box][/vc_column_inner][/vc_row_inner][vc_row_inner][vc_column_inner width=&#8221;1/2&#8243;][stm_icon_box hide_title_line=&#8221;hide_title_line&#8221; icon=&#8221;fas fa-chart-line&#8221; icon_size=&#8221;27&#8243; title=&#8221;Améliorer les performances&#8221;][/stm_icon_box][/vc_column_inner][vc_column_inner width=&#8221;1/2&#8243;][stm_icon_box hide_title_line=&#8221;hide_title_line&#8221; icon=&#8221;fas fa-balance-scale&#8221; icon_size=&#8221;19&#8243; title=&#8221;Solutions raisonnées&#8221;][/stm_icon_box][/vc_column_inner][/vc_row_inner][vc_column_text css=&#8221;.vc_custom_1726418820717{margin-top: 45px !important;}&#8221;]</p>
<h2>Notre philosophie de travail</h2>
<p>Chez ITS, nous savons que chaque client présente des besoins et des défis uniques. C&#8217;est pourquoi nous en  priorisons l&#8217;analyse approfondie. Nous croyons fermement que cette étape de compréhension mutuelle est cruciale pour garantir le succès de nos missions.</p>
<p>En travaillant en étroite collaboration avec vos équipes, nous développons des solutions sur mesure, parfaitement alignées avec vos objectifs, quel que soit le domaine du service concerné :[/vc_column_text][vc_single_image image=&#8221;7422&#8243; img_size=&#8221;large&#8221; alignment=&#8221;center&#8221; css=&#8221;&#8221;][/vc_column][/vc_row][vc_row full_width=&#8221;stretch_row&#8221; el_class=&#8221;third_bg_color&#8221; css=&#8221;.vc_custom_1451889219674{margin-bottom: -60px !important;}&#8221;][vc_column][/vc_column][/vc_row]</p>
</div>

<p>[vc_row css=&#8221;.vc_custom_1451991003825{margin-top: 30px !important;margin-bottom: 100px !important;}&#8221;][vc_column width=&#8221;3/4&#8243;][vc_column_text css=&#8221;.vc_custom_1727725258731{margin-top: 45px !important;}&#8221;] Notre approche &#8220;La technologie est le moteur central de l&#8217;industrie optimisant les processus, stimulant l’innovation, accompagnant l’humain dans des projets toujours plus ambitieux ». C’est avec cette conviction que Industrial Technologie Services a été créé. Fort du constat que les entreprises n’ont pas toujours à leur</p>
